 factor of t and 8.
8
Let w(o) = o**2 - 15*o + 16. Let p be w(14). Calculate the highest common factor of 18 and p.
2
Suppose 7 + 1 = -2*f. Let g be (-2)/(f/(-6)) - -7. What is the highest common divisor of g and 12?
4
Let i(d) = d**2 - 4*d - 2. Let y be i(5). Let x = 3 - -3. Suppose j - x = -h, -2*j - h = j - 24. Calculate the greatest common factor of j and y.
3
Let o = 44 + -10. Suppose -115 = -5*k + i - o, 11 = k + 5*i. Let r(g) = -12*g - 4. Let s be r(-3). What is the highest common factor of k and s?
16
Let f = 174 - 104. Let o(a) = a**2 - 4*a + 3. Let y be o(4). Let h be y*(-7)/(-12)*8. Calculate the highest common divisor of h and f.
14
Let c(y) = -y**2 - y + 1. Let f be c(-2). Let t = f + 3. Calculate the greatest common factor of 6 and t.
2
Let m = -14 + 24. Calculate the highest common divisor of m and 60.
10
Let f be ((-8)/4)/(2/(-51)). Calculate the greatest common divisor of 51 and f.
51
Let j(g) = -6*g**3 + 2*g + 1. Let r be j(-1). Let q = -615 + 640. What is the greatest common factor of q and r?
5
Suppose -129 = -2*u + 4*c + 217, 2*u - 351 = -c. What is the greatest common factor of 25 and u?
25
Suppose 4*q + q - 12 = 2*n, -3*q = -3*n. Suppose 0 = -q*o + 4*w + 167 - 7, -44 = -o + 2*w. Let d = -1 - -10. What is the highest common divisor of d and o?
9
Let j be (-20)/8 + (-1)/(-2). Let h be j/(-8) + (-399)/(-4). What is the highest common divisor of h and 10?
10
Let j be 2/(-4)*(-76)/2. Calculate the greatest common factor of 171 and j.
19
Let r be 3 + (-1 - (-4 - -1)). Suppose -5 = -5*c + r. Let u = 4 - 2. Calculate the highest common factor of u and c.
2
Suppose 0 = -n + 65 - 31. What is the highest common factor of 85 and n?
17
Let w(j) = -j**3 + 4*j - 1. Let n be w(-3). Let z(d) = 4*d**2 - 1. Let i be z(-3). Calculate the highest common factor of i and n.
7
Let m = -10 + 15. Let s(j) = -6*j**2 + 0 + 2 + m*j**2 - j. Let t be s(0). What is the highest common factor of 14 and t?
2
Let h(a) = -12*a + 1. Let i be h(-10). Let g = 0 - -2. Suppose 3*y = g*y + 11. What is the highest common divisor of i and y?
11
Let w be 40/(-6)*3/(-2). Suppose o = -2*v + 14, -5*o + 44 = -13*v + 10*v. What is the highest common factor of o and w?
10
Let l = 2 - -7. Suppose -13*x + 12 = -l*x. What is the greatest common divisor of x and 33?
3
Suppose -10 = -3*p + 5. Suppose -2*y + 3*a = -41 - 49, -5*a - 225 = -5*y. What is the greatest common factor of y and p?
5
Let q = 26 - 17. Let f(j) be the first derivative of 4*j**2 + 4*j + 1. Let x be f(4). What is the highest common factor of q and x?
9
Let n(b) = -b**2 + 5*b + 20. Let x be n(7). Let v(i) = -2*i + 2. Let j be v(-5). Calculate the greatest common divisor of x and j.
6
Suppose k - 4*k + 144 = 0. Calculate the greatest common divisor of k and 6.
6
Let b(l) = l. Let c be b(14). Calculate the highest common divisor of 56 and c.
14
Let c = -33 + 49. Suppose -x = x - c. Calculate the highest common factor of x and 20.
4
Suppose 0 = v - 178 - 77. Calculate the highest common factor of 102 and v.
51
Let r(m) = 1. Let y(i) = i + 33. Let n(s) = -5*r(s) + y(s). Let d be n(0). Suppose -67 = -5*f + d. Calculate the greatest common divisor of f and 76.
19
Let a be (-4)/(-14) + 48/28. Let x be a/(-5) - (-32)/5. Let p = -13 - -19. Calculate the highest common factor of p and x.
6
Let v be (-6)/(-4)*(-4)/6. Let t = 5 - v. Let b = 98 - 50. What is the greatest common factor of b and t?
6
Let x be (-182)/21*(-9)/2. Suppose 0 = -k - 2*k + x. What is the highest common factor of k and 143?
13
Let m(f) = -10*f - 5. Let t be m(-4). Let i be 4/(-10) + (-352)/(-5). Suppose 6*b - i = b. Calculate the highest common factor of b and t.
7
Let u(v) = -v**2 + 7*v - 5. Suppose 3*t = -5*j - 1 + 25, -5*j = -15. Let o be u(t). Calculate the greatest common factor of o and 14.
7
Suppose 0 = 73*y - 79*y + 462. What is the greatest common factor of 11 and y?
11
Let m(k) = -2*k + 6. Let f be m(-6). Calculate the highest common factor of f and 27.
9
Let h = -5 - 1. Let a = h - -26. Calculate the greatest common divisor of 140 and a.
20
Suppose -5*x + 11 = -o + 28, 13 = 5*o - x. Suppose -3*j = 3*v - 3, 5*v = -2*j + 3 + 5. What is the highest common factor of o and v?
2
Suppose 3*h = 2*h + 5*o + 88, 0 = 4*h + 3*o - 444. Calculate the greatest common factor of 12 and h.
12
Let w = 18 + -13. Let x(z) be the first derivative of 2*z**2 - 2*z - 2. Let n be x(3). Calculate the highest common divisor of n and w.
5
Let t(p) = p**3 + 10*p**2 - 12*p - 9. Let i be t(-11). Suppose 3*c - i*c = 25. What is the highest common divisor of c and 25?
25
Let i(m) = -m**3 - 2*m**2. Let w be i(-2). Let c = 5 + -1. Suppose d + 3*n = 12, -c*d - d - 4*n + 71 = w. What is the highest common factor of d and 120?
15
Let h = 24 + -21. Calculate the greatest common divisor of h and 3.
3
Suppose f - 425 = -4*f. Let d = 86 + f. What is the highest common divisor of d and 19?
19
Let f = 160 - 127. Let b = 0 - -10. Let r = b + -7. What is the greatest common divisor of f and r?
3
Suppose -5*i - 6 = -2*i. Let z be 5 - -4*i/4. Suppose z*m + m = 80. What is the highest common divisor of m and 80?
20
Let k be (-454)/(-8) + (-6)/8. Let i = 10 - 2. What is the greatest common factor of i and k?
8
Let m = 9 - 5. Suppose -2*b + 233 = -d, m*b - 404 = d + 59. Let g(j) = 6*j**2 + 4*j + 4. Let c be g(-3). What is the greatest common factor of b and c?
23
Let y(t) = 5*t. Let k be y(3). Suppose k = 5*b, 5*h - 3*b = -b + 39. Let q(d) = -d**3 - d - 5. Let a be q(-4). What is the highest common factor of h and a?
9
Let c = 4 + -4. Let q = c + -5. Let d = 25 - q. What is the greatest common factor of 75 and d?
15
Let o(v) = -v**3 + 4*v**2 + v + 5. Suppose -2*q - 5*b = -28, -q + 3 = 2*b - 9. Let i be o(q). Let g = i + 5. Calculate the greatest common factor of 21 and g.
7
Let r(g) = -g**2 + 9*g**3 + g - 7*g**3 + 10*g**3 - 1. Let m be r(1). Calculate the highest common divisor of 55 and m.
11
Let c = 75 - -21. Calculate the highest common factor of 48 and c.
48
Let b = 91 + 5. What is the greatest common factor of b and 32?
32
Suppose 44 = 5*r - n - 125, -2*r + 3*n = -65. What is the greatest common factor of r and 85?
17
Let x(y) be the first derivative of 2*y**3/3 + y**2/2 + 7*y - 1. Let v be x(-5). Let z = v - -39. Calculate the greatest common factor of 13 and z.
13
Let u = 12 - 10. Suppose -5*i - 605 = -5*h, -4*h - 3*i + 222 = -u*h. What is the greatest common factor of 13 and h?
13
Suppose 0 = 2*g + g + 5*t - 48, 5*g = t + 80. Let o be (70/4)/((-3)/6). Let j = -19 - o. What is the greatest common factor of g and j?
16
Suppose 2*q - 48 = -4*u + 24, -u - 5*q = -36. Suppose -4*x - t = -0*t - 168, 42 = x + 5*t. Let d = 74 - x. What is the greatest common factor of u and d?
16
Suppose -7*g + 4*g = -486. Let z be -4*1*9/(-2). Calculate the greatest common divisor of z and g.
18
Suppose 0 = -3*m + 4*v + 1, 4*m - 2*v = -m + 11. Let r be 57 + (9/3 - m). What is the greatest common divisor of r and 38?
19
Let i(n) = -88*n - 1. Let h be i(-7). Suppose 5*j - 7*r - 580 = -3*r, -5*j - 3*r = -h. What is the greatest common divisor of 24 and j?
24
Suppose -2*m + 88 = 2*m. Let w = -67 + 111. Calculate the highest common divisor of w and m.
22
Let b(c) = 2*c**3 - 11*c + 3. Let w be b(5). What is the highest common factor of w and 22?
22
Let h = -52 - -97. Calculate the highest common divisor of h and 30.
15
Let g(m) = 2*m**3 - 3*m**2 - 4*m. Let b be g(3). Suppose -143 = -d - 4*k, -2*d + 0*k = k - 307. Let h = d + -20. What is the greatest common divisor of h and b?
15
Let q(m) = -m**3 + 11*m**2 - 2*m + 16. Let l be q(11). Let k(t) = t**3 + 7*t**2 + 3*t - 5. Let v be k(l). What is the greatest common divisor of v and 65?
13
Suppose 0 = 8*c - 3*c - 450. Suppose f + 4*f - c = 0. Calculate the greatest common factor of f and 2.
2
Let q be (4/8)/((-1)/(-4)). Suppose 5*k - t - 72 = 0, 5*t + 40 = q*k + 2. Calculate the greatest common factor of 7 and k.
7
Let l(n) = -34*n - 50. Let b(d) = 7*d + 10. Let p(s) = 11*b(s) + 2*l(s). Let w be p(9). Calculate the greatest common factor of 13 and w.
13
Let q = -3 - -27. Let u be (8/10)/((-12)/(-30)). Suppose u*g - 6*g = y - 27, -4*g - 5*y + 7 = 0. What is the highest common factor of g and q?
8
Let d be 189/21 - (1 + 2)/1. Calculate the highest common divisor 